8 = 0. Give w(l).
8
Let q(l) = -l - 7. Let n be q(-10). Let g(x) = -x + 5. Let s be g(2). Let f(m) = m**3 + 1 + 0*m - 1 - 3*m**2 - s + 2*m. Calculate f(n).
3
Let g(b) = -6 + 4*b**2 + 2 + 0 - b**3 - 5*b**2. What is g(0)?
-4
Let c(f) be the first derivative of -3*f**2/2 + 12*f - 120. Determine c(6).
-6
Let d be 26/12 + 2/(-5)*5. Let o(q) be the second derivative of d*q**4 - 2*q**2 + 1/3*q**3 - 1/20*q**5 - 4*q + 0. Determine o(3).
-7
Let m(p) = -7 - 12 + 35 - 13 - 6*p. Give m(2).
-9
Suppose 5 = t, 5*t + 11 - 39 = -3*l. Let w(v) = 7*v - 9. Let m be w(2). Let h(g) = 3*g + 7*g - 11*g - m*g**2. Determine h(l).
-6
Let l = 569 - 573. Let k(b) = -5*b - 13. What is k(l)?
7
Let v(b) = b**3 + 11*b**2 + 8*b - 14. Let x be 11 - -1 - (5 + -1). Suppose -7*g + 10 = -x*g. What is v(g)?
6
Let j(t) = -7*t**2 + 13*t + 6. Let m(p) = 10*p**2 - 19*p - 8. Let a(v) = 7*j(v) + 5*m(v). Calculate a(5).
7
Let s(z) = 2*z**2 + 10*z - 6. Let h(b) = b**2 + 5*b - 3. Let v(k) = -9*h(k) + 4*s(k). Give v(-4).
7
Suppose 3 = 2*d - 7. Suppose -6 = -d*c - 1. Let a(z) be the first derivative of -11*z**2/2 + 49. Calculate a(c).
-11
Let c(r) = 13*r**2 - 19*r + 19. Let h(b) = 7*b**2 - 9*b + 10. Let m(l) = 6*c(l) - 11*h(l). Determine m(11).
-40
Let r(i) = -1 - 3 - 41*i + 46*i + i**3 - 6*i**2. Suppose -5*j + 4*j + 5 = 0. Give r(j).
-4
Let g(k) = -318 + 150 + k + 154 - 2*k + 3*k. Calculate g(6).
-2
Let j be 1*(2/(-11) + 9/(-11)). Let f be (-4)/(j*16) + 23/4. Let z(u) = 5*u. Let h(d) = 9*d + 1. Let n(g) = 6*h(g) - 11*z(g). Determine n(f).
0
Suppose 88 = 5*n + 3*j, -2*n + 2*j + 33 = j. Let v(l) = -7 + 7 + n*l - 21*l. What is v(1)?
-4
Let q be (38/(-24) + 2)*(-3 + 6). Let u(w) be the first derivative of -w + 0*w**2 + 2/3*w**3 + 1 - q*w**4. Give u(1).
-4
Suppose 5*u - 2 = -5*t + 3, 4*t = u - 1. Let k be 45/30 - 7/(-2). Let z(h) = 5 - 4 + 2*h + 4*h - k*h. What is z(u)?
2
Let c(r) be the third derivative of -13*r**5/60 + r**4/8 + r**3/6 - 614*r**2. Calculate c(-1).
-15
Let i(c) = -c + 13. Suppose -2*k - 3*a + 6 = 0, 5*k - 28 = -a - 0*a. Calculate i(k).
7
Let h(l) = l**2 + 4*l - 9. Suppose -j - 30 = 3*c - 2*j, -j + 12 = -c. Let p be h(c). Let r(k) = 35*k - p*k + 2 + 0. Determine r(0).
2
Let g(a) be the first derivative of -a**4/4 - 2*a**3 + 7*a**2/2 - 6*a - 5. Give g(-7).
-6
Let l(g) = 11*g**3 + 12*g**2 - 20*g + 6. Let s(o) = 10*o**3 + 10*o**2 - 17*o + 5. Let x(i) = -6*l(i) + 7*s(i). Give x(-2).
-43
Let q(u) = -13*u - 6*u - 4*u + 24*u - 55. What is q(0)?
-55
Let a(i) = i**2 + 19*i + 7. Let g(r) = -r**2 + r + 2. Let l(y) = a(y) - 5*g(y). Calculate l(-3).
9
Let b(n) = -3*n. Let s(h) = 4*h - h - 6*h - 11 + 3. Let f be s(-5). What is b(f)?
-21
Let a = -12 + 19. Suppose 0 = 3*k - a + 1. Let i(r) = 1 + 0*r + 3*r + 2 - k. Determine i(-1).
-2
Suppose 0 = 7*c - 28*c. Let l(v) be the third derivative of 1/24*v**4 + 2/3*v**3 - 7*v**2 + c*v + 0. Calculate l(-8).
-4
Let a(x) be the first derivative of x**5/60 - x**4/24 + x**3/3 - 5*x**2/2 - 2. Let h(q) be the second derivative of a(q). Calculate h(3).
8
Let j(z) = 7*z + 5. Let b(m) = 4*m + 2. Let v(u) = 5*b(u) - 3*j(u). Let n = -36 + 40. Let i be -2 + -3*(-3 + n). What is v(i)?
0
Suppose 2*b - 3 = b. Let w be 192/(-9)*-6*3/12. Let n(o) = -34 - 5*o**2 + w + 0*o + o**b + 5*o. Give n(4).
2
Let v(x) = -12*x - 3. Suppose -2*s = -3*y + 6 - 8, 3*s - 4*y = 5. Let u(r) = 36*r + 10. Let z(d) = s*v(d) + 2*u(d). Calculate z(-1).
11
Let q(y) be the first derivative of -y**6/360 + y**5/20 - y**4/12 - 8*y**3/3 - 15. Let x(o) be the third derivative of q(o). Determine x(7).
-9
Let u(y) = -y - 3 + 1 + 2 - 1. Let i = -11 - -11. Give u(i).
-1
Let w(h) = -73*h + 4 + 68*h + 2. Calculate w(4).
-14
Let y(s) = -370 - 8*s + 14*s + 373. What is y(-1)?
-3
Let l(v) = -v**2 + 3*v - 2. Let k(m) = -2*m + 52. Let f be ((-6)/4)/(6/(-80)) + 3. Let w be k(f). Give l(w).
-20
Let i = 114 - 96. Suppose -4*g - 5*g = i. Let k(c) = 5*c + 3. What is k(g)?
-7
Let t(v) = 7 - 1 + 5 + v**2 - 13. What is t(3)?
7
Let l(i) = i**3 - 3*i**2 - 3*i + 1. Let w be l(4). Suppose w*o = o. Let h(k) = -112 - 4*k**2 + 104 + 5*k**2. What is h(o)?
-8
Suppose 12*m - 306 = -354. Let q(x) be the second derivative of -3*x**3/2 - 5*x**2/2 + 2*x. What is q(m)?
31
Let f(w) = -29*w**2 + 49*w**2 - 21*w**2 - 4. Determine f(4).
-20
Let s(x) = -x**3 - x**2 + x - 1. Let b(m) = -7*m**3 - 8*m**2 + 8*m - 5. Let r(n) = b(n) - 6*s(n). Let l be 2/1 + -3 + 5. Suppose -p = -l*p - 6. What is r(p)?
-3
Let d(t) be the third derivative of -1/24*t**4 - 2/3*t**3 + 36*t**2 + 1/60*t**5 + 1/120*t**6 + 0*t + 0. Determine d(0).
-4
Let w(d) be the second derivative of 3*d - 1/6*d**3 + 0 + 3/2*d**2. Determine w(4).
-1
Let t be -1 + 4 - (-3)/(39/(-52)). Let m(d) = 20*d**2 - 2*d - 1. Determine m(t).
21
Let r(l) = -l**3 + 6*l**2 + 2*l - 4. Suppose 0 = -0*p - 5*p + 150. Let d be ((-4)/10)/((-2)/p). Suppose -s + d - 2 = 0, -18 = -g - 3*s. Calculate r(g).
8
Let q(s) = s + 9. Let f(o) = -4*o - 27. Let c be f(-5). Determine q(c).
2
Let v = -16 + 18. Let q be (0 + v)/2 + 2. Let h be -5 + q + 0 - -5. Let x(f) = -f**2 + 3*f + 1. Calculate x(h).
1
Let c = -17 + 9. Let f = c + 7. Let x(o) = 0*o**2 + o - 3*o - 2*o**2 + o**2. Calculate x(f).
1
Let z(f) = 110843 - 110843 - 4*f. Give z(-1).
4
Suppose 0 = -61*q + 45*q + 64. Let h(s) = -3*s + 10. Calculate h(q).
-2
Let u(i) = -2*i + 6 + i**2 + 1 - 9 + 0*i. Let g = -5 - -3. Give u(g).
6
Let f(q) = q**3 + q**2 + q + 20. Let v(a) = -a**2 + a + 72. Let n be v(-8). Calculate f(n).
20
Let c(v) = -3*v - 2. Let i(d) = -d**2 - 20*d + 17. Let r be i(-21). Calculate c(r).
10
Let y(x) = -x**3 + 4*x**2 + 10*x - 6. Suppose -16*f - 483 = -563. Determine y(f).
19
Suppose -6*d + 5*d - k = -1, -10 = 5*k. Let p(n) = -4*n**3 + 3*n**d + 222*n + 4 - 228*n - 7*n**2. Give p(-6).
4
Let h(t) = -t**2 + 6*t + 16. Let f be h(8). Let v(g) = -g**2 - 9. Calculate v(f).
-9
Let d(t) = -t**2 - 6*t - 5. Let z(y) = -y**2 - 6*y - 8. Let u(v) = 3*d(v) - 2*z(v). Calculate u(-7).
-6
Suppose -f + 6 - 1 = 0. Let m(x) = 39*x**3 - 38*x**3 + 5 - 7 + 3 - 6*x**2 + 4*x - 2. What is m(f)?
-6
Let t(j) = -6*j**2 + 4*j - 1. Let i(h) = -7*h + 3*h**2 + 7*h**2 + 7*h**2 + 3 - 4*h. Let r(g) = 4*i(g) + 11*t(g). Determine r(-2).
9
Let p(q) = q + 2. Suppose 47 = -44*d - 41. Give p(d).
0
Let f(x) = -2*x + 7. Suppose -5*m + v + 20 = 2*v, -4*m = 2*v - 22. Calculate f(m).
1
Let l(z) = 3*z + 1 - 2*z**2 + 0*z**2 + 2. Suppose -19*n + 28 = -12*n. Calculate l(n).
-17
Let h(y) = -11*y**2 - 28*y + 8. Let w(b) = -2*b**2 - 5*b + 2. Let c(d) = h(d) - 5*w(d). Determine c(-3).
-2
Let z be -1 + 25 - (3 - -1). Let b(n) = -n. Let r(p) = -16*p - 4. Let u(d) = z*b(d) - r(d). Suppose -h = 2 - 5. Determine u(h).
-8
Let x(y) = -3*y + 10. Let a = -2627 + 2619. What is x(a)?
34
Let q(z) be the first derivative of -3*z**2/2 - z - 6. Let g = 14 + -9. Let a = 7 - g. What is q(a)?
-7
Let y(r) be the first derivative of r**3/3 + 3*r**2 + 13*r + 65. Calculate y(-9).
40
Suppose 0*r + 144 = -24*r. Let l(s) = s**2 + 9*s + 11. Determine l(r).
-7
Let b(c) = 2*c**3 - 2*c**2 + c + 2. Let f = 1171 - 1169. What is b(f)?
12
Let j(b) = b**3 + 15 - 6*b - 10*b + 5 + 0*b - 22. What is j(4)?
-2
Let d(c) = 4*c - 22. Let u be d(6). Suppose -2*a - 2*w = u*w - 8, -33 = 3*a - 3*w. Let h(l) = 2*l + 4. Determine h(a).
-8
Suppose -w - 5 + 2 = 0. Let q(y) = 5*y + 5. Let u(n) = -n - 1. Let l(g) = w*u(g) - q(g). Calculate l(5).
-12
Let u(i) be the third derivative of i**6/360 - i**4/4 - i**3/2 + 2*i**2. Let h(g) be the first derivative of u(g). Suppose 0 = -11*j + 6*j. What is h(j)?
-6
Let p(j) = j**3 + 9*j**2 + 7*j - 6. Suppose -2*y + 114 - 130 = 0. What is p(y)?
2
Let m(j) be the third derivative of j**5/40 - j**4/6 - j**3/6 + 4*j**2. Let w(v) be the first derivative of m(v). Give w(-3).
-13
Let b = 3270 + -3276. Let r(a) be the second derivative of -a**5/20 - a**4/2 + a**3/2 + 3*a**2 - a. Calculate r(b).
-12
Let w(s) be the third derivative of s**5/60 - s**4/24 + 5*s**3/6 + 21*s**2. Determine w(-4).
25
Suppose 0*m + 4*a + 20 = -m, a = 2*m - 5. Suppose 0*f = 2*i - f - 11, -4*f - 4 = m. Let y(x) = 2 + 1 - 7 + 3*x. Determine y(i).
11
Let t(w) = -2*w - 20. Suppose 617 = -66*r - 175. Give t(r).
4
Let s(u) = u**3 + 4*u**2 - 7*u - 6. Let v be s(-4). Suppose 27*c = v*c. Let n(w) = w**2 + 4. Give n(c).
4
Let i(h) = -7*h - h**2 - 3*h**3 + 9*h*